base 2, what is 10101100 - 101?
10100111
In base 6, what is 1 - 3510?
-3505
In base 15, what is 0 + c1?
c1
In base 6, what is -55 - -4?
-51
In base 16, what is 1 + -10?
-f
In base 9, what is 2 - -4622?
4624
In base 7, what is 6 + 234?
243
In base 4, what is 3 + -101?
-32
In base 10, what is 1132 - 0?
1132
In base 15, what is -7c4 - 5?
-7c9
In base 15, what is -b - 23?
-2e
In base 7, what is 4 - 122?
-115
In base 5, what is 3244 + -4?
3240
In base 16, what is 3 + -14cf?
-14cc
In base 9, what is 122 - -20?
142
In base 3, what is -11210 - 1?
-11211
In base 15, what is 1b - -7?
23
In base 4, what is -2 + 11320?
11312
In base 2, what is -11 + -111?
-1010
In base 12, what is -3 + -b8?
-bb
In base 13, what is -2 - 182?
-184
In base 12, what is 4 - 524?
-520
In base 2, what is 101001 - -10011?
111100
In base 13, what is -7 - -11b?
114
In base 13, what is 177a + -4?
1776
In base 11, what is -3 - -3758?
3755
In base 14, what is 18 + -13?
5
In base 12, what is -338 - -5?
-333
In base 15, what is 107 + -3?
104
In base 10, what is 582 + -2?
580
In base 9, what is 7 + -72?
-64
In base 8, what is 47 + 1?
50
In base 7, what is 265 + 4?
302
In base 14, what is -1 + 98?
97
In base 3, what is -2002 + -12?
-2021
In base 13, what is -22ac - 4?
-22b3
In base 3, what is 2 + 120221?
121000
In base 5, what is -3 + 4240?
4232
In base 7, what is -5 - -113?
105
In base 8, what is 3 - 40?
-35
In base 3, what is 10 + -2200012?
-2200002
In base 13, what is 1 - 459?
-458
In base 3, what is 120110 - -101?
120211
In base 2, what is -10010100000 - 11?
-10010100011
In base 16, what is 9 - -11?
1a
In base 6, what is 553 - -2?
555
In base 5, what is 3 - 32?
-24
In base 15, what is 29d - -3?
2a1
In base 7, what is -1413 + -15?
-1431
In base 2, what is 1010000111011 + 10?
1010000111101
In base 12, what is -1089 - 1?
-108a
In base 2, what is -10100111100000 - 11?
-10100111100011
In base 7, what is -416 + 13?
-403
In base 16, what is 651 - -5?
656
In base 8, what is -374 + -5?
-401
In base 10, what is -7 - 59?
-66
In base 2, what is 1 - -1001110010?
1001110011
In base 8, what is -14203 + -4?
-14207
In base 5, what is 10 - 124332?
-124322
In base 7, what is 2 + -262?
-260
In base 8, what is 4 - 15?
-11
In base 15, what is c + 16a?
177
In base 2, what is 100110111100110 + -11?
100110111100011
In base 14, what is 6 - 352?
-34a
In base 4, what is -213 - 10?
-223
In base 6, what is -4054 - -1?
-4053
In base 3, what is 0 + -1121?
-1121
In base 15, what is -584 - -3?
-581
In base 13, what is 4 - -81?
85
In base 5, what is -13241 - -14?
-13222
In base 13, what is -4 + 152?
14b
In base 4, what is 2020 + 0?
2020
In base 16, what is 11f - 2?
11d
In base 14, what is -a77 + -2?
-a79
In base 2, what is -11000 - 10?
-11010
In base 14, what is 2 - 67?
-65
In base 12, what is 3 + 2?
5
In base 3, what is -11122 + -10122?
-22021
In base 9, what is 0 - -83?
83
In base 7, what is -301 - 66?
-400
In base 2, what is -11001010 + 10001?
-10111001
In base 10, what is 150 - 25?
125
In base 7, what is -152303 - 2?
-152305
In base 6, what is -3 - -214?
211
In base 8, what is 34 + 20?
54
In base 4, what is 131 - 0?
131
In base 10, what is -10 - -123?
113
In base 6, what is -154 + -44?
-242
In base 6, what is -1212 - 54?
-1310
In base 4, what is -33 - -31?
-2
In base 9, what is 0 - -28?
28
In base 2, what is 10 - -101011111101?
101011111111
In base 16, what is -5 + -a1?
-a6
In base 6, what is -2 - 12?
-14
In base 13, what is 5 - -c7?
cc
In base 7, what is 141 + -12?
126
In base 5, what is -243 - -3?
-240
In base 8, what is 211 + -33?
156
In base 14, what is 25bd + 0?
25bd
In base 15, what is -3 - 6c?
-70
In base 16, what is -2 - 150?
-152
In base 12, what is -12a7 + -2?
-12a9
In base 9, what is 131 - 5?
125
In base 12, what is 67 - 1?
66
In base 3, what is -111102 + 0?
-111102
In base 7, what is 122 - -1054?
1206
In base 8, what is -10312 + 3?
-10307
In base 11, what is -1 + -27?
-28
In base 10, what is 26 + -287?
-261
In base 7, what is 3 - 151?
-145
In base 7, what is 30 + 0?
30
In base 3, what is 0 - -1200?
1200
In base 8, what is -40 - 6?
-46
In base 13, what is 4 - -5b2?
5b6
In base 8, what is 0 + 105?
105
In base 3, what is 20122 + 22?
20221
In base 3, what is -12 + -1211?
-2000
In base 5, what is 2 - -302?
304
In base 2, what is 11110101 + -1010?
11101011
In base 7, what is 21 - -1314?
1335
In base 16, what is -e - 4f1?
-4ff
In base 14, what is -1d - 3?
-22
In base 7, what is -1 - -252?
251
In base 11, what is 0 + -653?
-653
In base 16, what is -41 + -39?
-7a
In base 13, what is 1 - 208?
-207
In base 2, what is 0 + 10101?
10101
In base 16, what is -6 - -e?
8
In base 3, what is -10221 - 1000?
-11221
In base 16, what is 17 + -5?
12
In base 16, what is -a - -c2?
b8
In base 14, what is -37c9 - 5?
-37d0
In base 8, what is -4 + -627?
-633
In base 8, what is -1 - 54?
-55
In base 8, what is -3 + -327?
-332
In base 9, what is -3 + -3?
-6
In base 7, what is 6502 - -1?
6503
In base 9, what is 3 + -14?
-11
In base 2, what is -10 + -1000110?
-1001000
In base 5, what is 0 + -2330?
-2330
In base 6, what is 3 - -15324?
15331
In base 10, what is 4 - 7?
-3
In base 9, what is 1223 + -2?
1221
In base 8, what is 5 - -4027?
4034
In base 13, what is c2 - -1?
c3
In base 14, what is 54 + -9?
49
In base 4, what is -111132 - 12?
-111210
In base 13, what is 42 + 152?
194
In base 10, what is -186 - 4?
-190
In base 13, what is 71 + -24?
4a
In base 14, what is 39d + 2?
3a1
In base 9, what is -10543 + -3?
-10546
In base 11, what is -212 + 2?
-210
In base 9, what is -18576 + -5?
-18582
In base 2, what is 1100 - -100101?
110001
In base 6, what is 1 + -101?
-100
In base 10, what is -105 - -1?
-104
In base 6, what is -2420 - 4?
-2424
In base 13, what is -20 - -93?
73
In base 15, what is d + -76?
-68
In base 5, what is 10 + -10?
0
In base 8, what is -503 + 4?
-477
In base 3, what is 110221100 - -2?
110221102
In base 4, what is -1000022 - -1?
-1000021
In base 5, what is -13 + -100?
-113
In base 12, what is -5 - 218?
-221
In base 3, what is 1 + 10211?
10212
In base 2, what is -101001110001 + 0?
-101001110001
In base 7, what is -4 + 1041?
1034
In base 4, what is 31232 - 0?
31232
In base 2, what is 100110110 - 1?
100110101
In base 5, what is -12 + 1222?
1210
In base 8, what is -4 - 24?
-30
In base 7, what is -1 + -36?
-40
In base 3, what is 102 - -1?
110
In base 2, what is 0 - -110100000010?
110100000010
In base 7, what is -10642 + 3?
-10636
In base 8, what is 5 + 64?
71
In base 7, what is -45 + -155?
-233
In base 11, what is 60a + 1?
610
In base 4, what is 10 + 1333011?
1333021
In base 12, what is 0 - 15?
-15
In base 5, what is -402 + 12?
-340
In base 9, what is 45 + 8?
54
In base 14, what is 443 + 0?
443
In base 14, what is 2c - 2a3?
-275
In base 14, what is 1bc - -13?
1d1
In base 16, what is -1 - -d1?
d0
In base 5, what is -11 + 443?
432
In base 7, what is 3 + -1366?
-1363
In base 6, what is -1301 - 34?
-1335
In base 10, what is 990 + 0?
990
In base 2, what is 100101000 + -100?
100100100
In base 14, what is -295 - 0?
-295
In base 9, what is -43 - -46?
3
In base 10, what is 23 + 6?
29
In base 10, what is 1211 - 2?
1209
In base 16, what is 12 - 138?
-126
In base 4, what is -1 - 2023?
-2030
In base 9, what is 116 - -237?
354
In base 6, what is 3 + 154?
201
In base 12, what is 3 - 2b?
-28
In base 11, what is -44 + -3?
-47
In base 8, what is 54 + 12?
66
In base 10, what is 3 - 3?
0
In base 4, what is 1120 - 0?
1120
In base 15, what is 85 - -12?
97
In base 16, what is 9 + 9?
12
In base 6, what is 235 - -2?
241
In base 4, what is -1 + -213103?
-213110
In base 9, what is 6 + 66?
73
In base 10, what is 9281 + -1?
9280
In base 8, what is -1 + -706?
-707
In base 12, what is 119 + -14?
105
In base 8, what is -272 - 1?
-273
In base 11, what is -9 - 621?
-62a
In base 15, what is b + 467?
473
In base 15, what is -1a5 + -7?
-1ac
In base 15, what is -8 + -23e?
-247
In base 13, what is 147 + -5?
142
In base 3, what is 121 + -1220?
-1022
In base 2, what is 110011110010 - 11?
110011101111
In base 12, what is 5 - -1a?
23
In base 12, what is 5 - -3b5?
3ba
In base 7, what is 30611 + -4?
30604
In base 14, what is 2c - 5?
27
In base 5, what is -300 + -2?
-302
In base 10, what is 17 + 155?
172
In base 15, what is 2e - 0?
2e
In base 10, what is 492 + 3?
495
In base 1